{"id":31,"date":"2021-10-04T16:50:00","date_gmt":"2021-10-04T16:50:00","guid":{"rendered":"https:\/\/explora.crea.gov.co\/festival-de-cortos\/?page_id=31"},"modified":"2021-10-04T16:50:00","modified_gmt":"2021-10-04T16:50:00","slug":"ciudad-realidad","status":"publish","type":"page","link":"https:\/\/explora.crea.gov.co\/festival-de-cortos-2021\/ciudad-realidad\/","title":{"rendered":"Ciudad Realidad"},"content":{"rendered":"\n<p>Narraciones que transitan desde mi realidad f\u00edsica y la interacci\u00f3n que tengo con ella, c\u00f3mo: mi cuarto, mi casa, mi cuadra, mi barrio, mi localidad, mi ciudad, mi pa\u00eds, mi continente y mi mundo.<\/p>\n    \t ","protected":false},"excerpt":{"rendered":"<p>Narraciones que transitan desde mi realidad f\u00edsica y la interacci\u00f3n que tengo con ella, c\u00f3mo: mi cuarto, mi casa, mi cuadra, mi barrio, mi localidad, mi ciudad, mi pa\u00eds, mi continente y mi mundo.<\/p>\n","protected":false},"author":1,"featured_media":0,"parent":0,"menu_order":0,"comment_status":"closed","ping_status":"closed","template":"","meta":{"footnotes":""},"yoast_head":"<!-- This site is optimized with the Yoast SEO plugin v22.1 - https:\/\/yoast.com\/wordpress\/plugins\/seo\/ -->\n<title>Ciudad Realidad - Festival de Cortos<\/title>\n<meta name=\"robots\" content=\"index, follow, max-snippet:-1, max-image-preview:large, max-video-preview:-1\" \/>\n<link rel=\"canonical\" href=\"https:\/\/explora.crea.gov.co\/festival-de-cortos-2021\/ciudad-realidad\/\" \/>\n<meta property=\"og:locale\" content=\"es_ES\" \/>\n<meta property=\"og:type\" content=\"article\" \/>\n<meta property=\"og:title\" content=\"Ciudad Realidad - Festival de Cortos\" \/>\n<meta property=\"og:description\" content=\"Narraciones que transitan desde mi realidad f\u00edsica y la interacci\u00f3n que tengo con ella, c\u00f3mo: mi cuarto, mi casa, mi cuadra, mi barrio, mi localidad, mi ciudad, mi pa\u00eds, mi continente y mi mundo.\" \/>\n<meta property=\"og:url\" content=\"https:\/\/explora.crea.gov.co\/festival-de-cortos-2021\/ciudad-realidad\/\" \/>\n<meta property=\"og:site_name\" content=\"Festival de Cortos\" \/>\n<meta name=\"twitter:card\" content=\"summary_large_image\" \/>\n<meta name=\"twitter:label1\" content=\"Tiempo de lectura\" \/>\n\t<meta name=\"twitter:data1\" content=\"1 minuto\" \/>\n<script type=\"application\/ld+json\" class=\"yoast-schema-graph\">{\"@context\":\"https:\/\/schema.org\",\"@graph\":[{\"@type\":\"WebPage\",\"@id\":\"https:\/\/explora.crea.gov.co\/festival-de-cortos-2021\/ciudad-realidad\/\",\"url\":\"https:\/\/explora.crea.gov.co\/festival-de-cortos-2021\/ciudad-realidad\/\",\"name\":\"Ciudad Realidad - Festival de Cortos\",\"isPartOf\":{\"@id\":\"https:\/\/explora.crea.gov.co\/festival-de-cortos-2021\/#website\"},\"datePublished\":\"2021-10-04T16:50:00+00:00\",\"dateModified\":\"2021-10-04T16:50:00+00:00\",\"breadcrumb\":{\"@id\":\"https:\/\/explora.crea.gov.co\/festival-de-cortos-2021\/ciudad-realidad\/#breadcrumb\"},\"inLanguage\":\"es\",\"potentialAction\":[{\"@type\":\"ReadAction\",\"target\":[\"https:\/\/explora.crea.gov.co\/festival-de-cortos-2021\/ciudad-realidad\/\"]}]},{\"@type\":\"BreadcrumbList\",\"@id\":\"https:\/\/explora.crea.gov.co\/festival-de-cortos-2021\/ciudad-realidad\/#breadcrumb\",\"itemListElement\":[{\"@type\":\"ListItem\",\"position\":1,\"name\":\"Portada\",\"item\":\"https:\/\/explora.crea.gov.co\/festival-de-cortos-2021\/\"},{\"@type\":\"ListItem\",\"position\":2,\"name\":\"Ciudad Realidad\"}]},{\"@type\":\"WebSite\",\"@id\":\"https:\/\/explora.crea.gov.co\/festival-de-cortos-2021\/#website\",\"url\":\"https:\/\/explora.crea.gov.co\/festival-de-cortos-2021\/\",\"name\":\"Festival de Cortos\",\"description\":\"Micrositio Explora\",\"potentialAction\":[{\"@type\":\"SearchAction\",\"target\":{\"@type\":\"EntryPoint\",\"urlTemplate\":\"https:\/\/explora.crea.gov.co\/festival-de-cortos-2021\/?s={search_term_string}\"},\"query-input\":\"required name=search_term_string\"}],\"inLanguage\":\"es\"}]}<\/script>\n<!-- \/ Yoast SEO plugin. -->","yoast_head_json":{"title":"Ciudad Realidad - Festival de Cortos","robots":{"index":"index","follow":"follow","max-snippet":"max-snippet:-1","max-image-preview":"max-image-preview:large","max-video-preview":"max-video-preview:-1"},"canonical":"https:\/\/explora.crea.gov.co\/festival-de-cortos-2021\/ciudad-realidad\/","og_locale":"es_ES","og_type":"article","og_title":"Ciudad Realidad - Festival de Cortos","og_description":"Narraciones que transitan desde mi realidad f\u00edsica y la interacci\u00f3n que tengo con ella, c\u00f3mo: mi cuarto, mi casa, mi cuadra, mi barrio, mi localidad, mi ciudad, mi pa\u00eds, mi continente y mi mundo.","og_url":"https:\/\/explora.crea.gov.co\/festival-de-cortos-2021\/ciudad-realidad\/","og_site_name":"Festival de Cortos","twitter_card":"summary_large_image","twitter_misc":{"Tiempo de lectura":"1 minuto"},"schema":{"@context":"https:\/\/schema.org","@graph":[{"@type":"WebPage","@id":"https:\/\/explora.crea.gov.co\/festival-de-cortos-2021\/ciudad-realidad\/","url":"https:\/\/explora.crea.gov.co\/festival-de-cortos-2021\/ciudad-realidad\/","name":"Ciudad Realidad - Festival de Cortos","isPartOf":{"@id":"https:\/\/explora.crea.gov.co\/festival-de-cortos-2021\/#website"},"datePublished":"2021-10-04T16:50:00+00:00","dateModified":"2021-10-04T16:50:00+00:00","breadcrumb":{"@id":"https:\/\/explora.crea.gov.co\/festival-de-cortos-2021\/ciudad-realidad\/#breadcrumb"},"inLanguage":"es","potentialAction":[{"@type":"ReadAction","target":["https:\/\/explora.crea.gov.co\/festival-de-cortos-2021\/ciudad-realidad\/"]}]},{"@type":"BreadcrumbList","@id":"https:\/\/explora.crea.gov.co\/festival-de-cortos-2021\/ciudad-realidad\/#breadcrumb","itemListElement":[{"@type":"ListItem","position":1,"name":"Portada","item":"https:\/\/explora.crea.gov.co\/festival-de-cortos-2021\/"},{"@type":"ListItem","position":2,"name":"Ciudad Realidad"}]},{"@type":"WebSite","@id":"https:\/\/explora.crea.gov.co\/festival-de-cortos-2021\/#website","url":"https:\/\/explora.crea.gov.co\/festival-de-cortos-2021\/","name":"Festival de Cortos","description":"Micrositio Explora","potentialAction":[{"@type":"SearchAction","target":{"@type":"EntryPoint","urlTemplate":"https:\/\/explora.crea.gov.co\/festival-de-cortos-2021\/?s={search_term_string}"},"query-input":"required name=search_term_string"}],"inLanguage":"es"}]}},"_links":{"self":[{"href":"https:\/\/explora.crea.gov.co\/festival-de-cortos-2021\/wp-json\/wp\/v2\/pages\/31"}],"collection":[{"href":"https:\/\/explora.crea.gov.co\/festival-de-cortos-2021\/wp-json\/wp\/v2\/pages"}],"about":[{"href":"https:\/\/explora.crea.gov.co\/festival-de-cortos-2021\/wp-json\/wp\/v2\/types\/page"}],"author":[{"embeddable":true,"href":"https:\/\/explora.crea.gov.co\/festival-de-cortos-2021\/wp-json\/wp\/v2\/users\/1"}],"replies":[{"embeddable":true,"href":"https:\/\/explora.crea.gov.co\/festival-de-cortos-2021\/wp-json\/wp\/v2\/comments?post=31"}],"version-history":[{"count":0,"href":"https:\/\/explora.crea.gov.co\/festival-de-cortos-2021\/wp-json\/wp\/v2\/pages\/31\/revisions"}],"wp:attachment":[{"href":"https:\/\/explora.crea.gov.co\/festival-de-cortos-2021\/wp-json\/wp\/v2\/media?parent=31"}],"curies":[{"name":"wp","href":"https:\/\/api.w.org\/{rel}","templated":true}]}}

<p>Narraciones que transitan desde mi realidad física y la interacción que tengo con ella, cómo: mi cuarto, mi casa, mi cuadra, mi barrio, mi localidad, mi ciudad, mi país, mi continente y mi mundo.</p>

<!-- This site is optimized with the Yoast SEO plugin v22.1 - https://yoast.com/wordpress/plugins/seo/ -->
<title>Ciudad Realidad - Festival de Cortos</title>
<meta name="robots" content="index, follow, max-snippet:-1, max-image-preview:large, max-video-preview:-1" />
<link rel="canonical" href="https://explora.crea.gov.co/festival-de-cortos-2021/ciudad-realidad/" />
<meta property="og:locale" content="es_ES" />
<meta property="og:type" content="article" />
<meta property="og:title" content="Ciudad Realidad - Festival de Cortos" />
<meta property="og:description" content="Narraciones que transitan desde mi realidad física y la interacción que tengo con ella, cómo: mi cuarto, mi casa, mi cuadra, mi barrio, mi localidad, mi ciudad, mi país, mi continente y mi mundo." />
<meta property="og:url" content="https://explora.crea.gov.co/festival-de-cortos-2021/ciudad-realidad/" />
<meta property="og:site_name" content="Festival de Cortos" />
<meta name="twitter:card" content="summary_large_image" />
<meta name="twitter:label1" content="Tiempo de lectura" />
	<meta name="twitter:data1" content="1 minuto" />
<script type="application/ld+json" class="yoast-schema-graph">{"@context":"https://schema.org","@graph":[{"@type":"WebPage","@id":"https://explora.crea.gov.co/festival-de-cortos-2021/ciudad-realidad/","url":"https://explora.crea.gov.co/festival-de-cortos-2021/ciudad-realidad/","name":"Ciudad Realidad - Festival de Cortos","isPartOf":{"@id":"https://explora.crea.gov.co/festival-de-cortos-2021/#website"},"datePublished":"2021-10-04T16:50:00+00:00","dateModified":"2021-10-04T16:50:00+00:00","breadcrumb":{"@id":"https://explora.crea.gov.co/festival-de-cortos-2021/ciudad-realidad/#breadcrumb"},"inLanguage":"es","potentialAction":[{"@type":"ReadAction","target":["https://explora.crea.gov.co/festival-de-cortos-2021/ciudad-realidad/"]}]},{"@type":"BreadcrumbList","@id":"https://explora.crea.gov.co/festival-de-cortos-2021/ciudad-realidad/#breadcrumb","itemListElement":[{"@type":"ListItem","position":1,"name":"Portada","item":"https://explora.crea.gov.co/festival-de-cortos-2021/"},{"@type":"ListItem","position":2,"name":"Ciudad Realidad"}]},{"@type":"WebSite","@id":"https://explora.crea.gov.co/festival-de-cortos-2021/#website","url":"https://explora.crea.gov.co/festival-de-cortos-2021/","name":"Festival de Cortos","description":"Micrositio Explora","potentialAction":[{"@type":"SearchAction","target":{"@type":"EntryPoint","urlTemplate":"https://explora.crea.gov.co/festival-de-cortos-2021/?s={search_term_string}"},"query-input":"required name=search_term_string"}],"inLanguage":"es"}]}</script>
<!-- / Yoast SEO plugin. -->

Narraciones que transitan desde mi realidad física y la interacción que tengo con ella, cómo: mi cuarto, mi casa, mi cuadra, mi barrio, mi localidad, mi ciudad, mi país, mi continente y mi mundo.
