{"id":13,"date":"2021-10-04T08:38:24","date_gmt":"2021-10-04T08:38:24","guid":{"rendered":"https:\/\/explora.crea.gov.co\/festival-de-cortos\/?page_id=13"},"modified":"2021-10-04T08:38:24","modified_gmt":"2021-10-04T08:38:24","slug":"cordillera-cuerpo","status":"publish","type":"page","link":"https:\/\/explora.crea.gov.co\/festival-de-cortos-2021\/cordillera-cuerpo\/","title":{"rendered":"Cordillera Cuerpo"},"content":{"rendered":"\n<p>Concebir el cuerpo como \u00fanico, irrepetible e inmutable es comprender los alcances de este en el hecho de sentir, transmitir y ejecutar desde la emoci\u00f3n y el sentir. Comprender que \u201cEl cuerpo no es s\u00f3lo un ente biol\u00f3gico. Es semi\u00f3tico. Es un sistema de signos y significados. Es un lenguaje en s\u00ed mismo\u201d. Tanto en t\u00e9rminos de apariencia f\u00edsica como de movimientos, gestos, comportamientos aprendidos y heredados que se extienden en el tiempo.<\/p>\n    \t ","protected":false},"excerpt":{"rendered":"<p>Concebir el cuerpo como \u00fanico, irrepetible e inmutable es comprender los alcances de este en el hecho de sentir, transmitir y ejecutar desde la emoci\u00f3n y el sentir. Comprender que \u201cEl cuerpo no es s\u00f3lo un ente biol\u00f3gico. Es semi\u00f3tico. Es un sistema de signos y significados. Es un lenguaje en s\u00ed mismo\u201d. Tanto en [&hellip;]<\/p>\n","protected":false},"author":1,"featured_media":0,"parent":0,"menu_order":0,"comment_status":"closed","ping_status":"closed","template":"","meta":{"footnotes":""},"yoast_head":"<!-- This site is optimized with the Yoast SEO plugin v22.1 - https:\/\/yoast.com\/wordpress\/plugins\/seo\/ -->\n<title>Cordillera Cuerpo - Festival de Cortos<\/title>\n<meta name=\"robots\" content=\"index, follow, max-snippet:-1, max-image-preview:large, max-video-preview:-1\" \/>\n<link rel=\"canonical\" href=\"https:\/\/explora.crea.gov.co\/festival-de-cortos-2021\/cordillera-cuerpo\/\" \/>\n<meta property=\"og:locale\" content=\"es_ES\" \/>\n<meta property=\"og:type\" content=\"article\" \/>\n<meta property=\"og:title\" content=\"Cordillera Cuerpo - Festival de Cortos\" \/>\n<meta property=\"og:description\" content=\"Concebir el cuerpo como \u00fanico, irrepetible e inmutable es comprender los alcances de este en el hecho de sentir, transmitir y ejecutar desde la emoci\u00f3n y el sentir. Comprender que \u201cEl cuerpo no es s\u00f3lo un ente biol\u00f3gico. Es semi\u00f3tico. Es un sistema de signos y significados. Es un lenguaje en s\u00ed mismo\u201d. Tanto en [&hellip;]\" \/>\n<meta property=\"og:url\" content=\"https:\/\/explora.crea.gov.co\/festival-de-cortos-2021\/cordillera-cuerpo\/\" \/>\n<meta property=\"og:site_name\" content=\"Festival de Cortos\" \/>\n<meta name=\"twitter:card\" content=\"summary_large_image\" \/>\n<meta name=\"twitter:label1\" content=\"Tiempo de lectura\" \/>\n\t<meta name=\"twitter:data1\" content=\"1 minuto\" \/>\n<script type=\"application\/ld+json\" class=\"yoast-schema-graph\">{\"@context\":\"https:\/\/schema.org\",\"@graph\":[{\"@type\":\"WebPage\",\"@id\":\"https:\/\/explora.crea.gov.co\/festival-de-cortos-2021\/cordillera-cuerpo\/\",\"url\":\"https:\/\/explora.crea.gov.co\/festival-de-cortos-2021\/cordillera-cuerpo\/\",\"name\":\"Cordillera Cuerpo - Festival de Cortos\",\"isPartOf\":{\"@id\":\"https:\/\/explora.crea.gov.co\/festival-de-cortos-2021\/#website\"},\"datePublished\":\"2021-10-04T08:38:24+00:00\",\"dateModified\":\"2021-10-04T08:38:24+00:00\",\"breadcrumb\":{\"@id\":\"https:\/\/explora.crea.gov.co\/festival-de-cortos-2021\/cordillera-cuerpo\/#breadcrumb\"},\"inLanguage\":\"es\",\"potentialAction\":[{\"@type\":\"ReadAction\",\"target\":[\"https:\/\/explora.crea.gov.co\/festival-de-cortos-2021\/cordillera-cuerpo\/\"]}]},{\"@type\":\"BreadcrumbList\",\"@id\":\"https:\/\/explora.crea.gov.co\/festival-de-cortos-2021\/cordillera-cuerpo\/#breadcrumb\",\"itemListElement\":[{\"@type\":\"ListItem\",\"position\":1,\"name\":\"Portada\",\"item\":\"https:\/\/explora.crea.gov.co\/festival-de-cortos-2021\/\"},{\"@type\":\"ListItem\",\"position\":2,\"name\":\"Cordillera Cuerpo\"}]},{\"@type\":\"WebSite\",\"@id\":\"https:\/\/explora.crea.gov.co\/festival-de-cortos-2021\/#website\",\"url\":\"https:\/\/explora.crea.gov.co\/festival-de-cortos-2021\/\",\"name\":\"Festival de Cortos\",\"description\":\"Micrositio Explora\",\"potentialAction\":[{\"@type\":\"SearchAction\",\"target\":{\"@type\":\"EntryPoint\",\"urlTemplate\":\"https:\/\/explora.crea.gov.co\/festival-de-cortos-2021\/?s={search_term_string}\"},\"query-input\":\"required name=search_term_string\"}],\"inLanguage\":\"es\"}]}<\/script>\n<!-- \/ Yoast SEO plugin. -->","yoast_head_json":{"title":"Cordillera Cuerpo - Festival de Cortos","robots":{"index":"index","follow":"follow","max-snippet":"max-snippet:-1","max-image-preview":"max-image-preview:large","max-video-preview":"max-video-preview:-1"},"canonical":"https:\/\/explora.crea.gov.co\/festival-de-cortos-2021\/cordillera-cuerpo\/","og_locale":"es_ES","og_type":"article","og_title":"Cordillera Cuerpo - Festival de Cortos","og_description":"Concebir el cuerpo como \u00fanico, irrepetible e inmutable es comprender los alcances de este en el hecho de sentir, transmitir y ejecutar desde la emoci\u00f3n y el sentir. Comprender que \u201cEl cuerpo no es s\u00f3lo un ente biol\u00f3gico. Es semi\u00f3tico. Es un sistema de signos y significados. Es un lenguaje en s\u00ed mismo\u201d. Tanto en [&hellip;]","og_url":"https:\/\/explora.crea.gov.co\/festival-de-cortos-2021\/cordillera-cuerpo\/","og_site_name":"Festival de Cortos","twitter_card":"summary_large_image","twitter_misc":{"Tiempo de lectura":"1 minuto"},"schema":{"@context":"https:\/\/schema.org","@graph":[{"@type":"WebPage","@id":"https:\/\/explora.crea.gov.co\/festival-de-cortos-2021\/cordillera-cuerpo\/","url":"https:\/\/explora.crea.gov.co\/festival-de-cortos-2021\/cordillera-cuerpo\/","name":"Cordillera Cuerpo - Festival de Cortos","isPartOf":{"@id":"https:\/\/explora.crea.gov.co\/festival-de-cortos-2021\/#website"},"datePublished":"2021-10-04T08:38:24+00:00","dateModified":"2021-10-04T08:38:24+00:00","breadcrumb":{"@id":"https:\/\/explora.crea.gov.co\/festival-de-cortos-2021\/cordillera-cuerpo\/#breadcrumb"},"inLanguage":"es","potentialAction":[{"@type":"ReadAction","target":["https:\/\/explora.crea.gov.co\/festival-de-cortos-2021\/cordillera-cuerpo\/"]}]},{"@type":"BreadcrumbList","@id":"https:\/\/explora.crea.gov.co\/festival-de-cortos-2021\/cordillera-cuerpo\/#breadcrumb","itemListElement":[{"@type":"ListItem","position":1,"name":"Portada","item":"https:\/\/explora.crea.gov.co\/festival-de-cortos-2021\/"},{"@type":"ListItem","position":2,"name":"Cordillera Cuerpo"}]},{"@type":"WebSite","@id":"https:\/\/explora.crea.gov.co\/festival-de-cortos-2021\/#website","url":"https:\/\/explora.crea.gov.co\/festival-de-cortos-2021\/","name":"Festival de Cortos","description":"Micrositio Explora","potentialAction":[{"@type":"SearchAction","target":{"@type":"EntryPoint","urlTemplate":"https:\/\/explora.crea.gov.co\/festival-de-cortos-2021\/?s={search_term_string}"},"query-input":"required name=search_term_string"}],"inLanguage":"es"}]}},"_links":{"self":[{"href":"https:\/\/explora.crea.gov.co\/festival-de-cortos-2021\/wp-json\/wp\/v2\/pages\/13"}],"collection":[{"href":"https:\/\/explora.crea.gov.co\/festival-de-cortos-2021\/wp-json\/wp\/v2\/pages"}],"about":[{"href":"https:\/\/explora.crea.gov.co\/festival-de-cortos-2021\/wp-json\/wp\/v2\/types\/page"}],"author":[{"embeddable":true,"href":"https:\/\/explora.crea.gov.co\/festival-de-cortos-2021\/wp-json\/wp\/v2\/users\/1"}],"replies":[{"embeddable":true,"href":"https:\/\/explora.crea.gov.co\/festival-de-cortos-2021\/wp-json\/wp\/v2\/comments?post=13"}],"version-history":[{"count":0,"href":"https:\/\/explora.crea.gov.co\/festival-de-cortos-2021\/wp-json\/wp\/v2\/pages\/13\/revisions"}],"wp:attachment":[{"href":"https:\/\/explora.crea.gov.co\/festival-de-cortos-2021\/wp-json\/wp\/v2\/media?parent=13"}],"curies":[{"name":"wp","href":"https:\/\/api.w.org\/{rel}","templated":true}]}}

<p>Concebir el cuerpo como único, irrepetible e inmutable es comprender los alcances de este en el hecho de sentir, transmitir y ejecutar desde la emoción y el sentir. Comprender que “El cuerpo no es sólo un ente biológico. Es semiótico. Es un sistema de signos y significados. Es un lenguaje en sí mismo”. Tanto en términos de apariencia física como de movimientos, gestos, comportamientos aprendidos y heredados que se extienden en el tiempo.</p>

<p>Concebir el cuerpo como único, irrepetible e inmutable es comprender los alcances de este en el hecho de sentir, transmitir y ejecutar desde la emoción y el sentir. Comprender que “El cuerpo no es sólo un ente biológico. Es semiótico. Es un sistema de signos y significados. Es un lenguaje en sí mismo”. Tanto en [&hellip;]</p>

<!-- This site is optimized with the Yoast SEO plugin v22.1 - https://yoast.com/wordpress/plugins/seo/ -->
<title>Cordillera Cuerpo - Festival de Cortos</title>
<meta name="robots" content="index, follow, max-snippet:-1, max-image-preview:large, max-video-preview:-1" />
<link rel="canonical" href="https://explora.crea.gov.co/festival-de-cortos-2021/cordillera-cuerpo/" />
<meta property="og:locale" content="es_ES" />
<meta property="og:type" content="article" />
<meta property="og:title" content="Cordillera Cuerpo - Festival de Cortos" />
<meta property="og:description" content="Concebir el cuerpo como único, irrepetible e inmutable es comprender los alcances de este en el hecho de sentir, transmitir y ejecutar desde la emoción y el sentir. Comprender que “El cuerpo no es sólo un ente biológico. Es semiótico. Es un sistema de signos y significados. Es un lenguaje en sí mismo”. Tanto en [&hellip;]" />
<meta property="og:url" content="https://explora.crea.gov.co/festival-de-cortos-2021/cordillera-cuerpo/" />
<meta property="og:site_name" content="Festival de Cortos" />
<meta name="twitter:card" content="summary_large_image" />
<meta name="twitter:label1" content="Tiempo de lectura" />
	<meta name="twitter:data1" content="1 minuto" />
<script type="application/ld+json" class="yoast-schema-graph">{"@context":"https://schema.org","@graph":[{"@type":"WebPage","@id":"https://explora.crea.gov.co/festival-de-cortos-2021/cordillera-cuerpo/","url":"https://explora.crea.gov.co/festival-de-cortos-2021/cordillera-cuerpo/","name":"Cordillera Cuerpo - Festival de Cortos","isPartOf":{"@id":"https://explora.crea.gov.co/festival-de-cortos-2021/#website"},"datePublished":"2021-10-04T08:38:24+00:00","dateModified":"2021-10-04T08:38:24+00:00","breadcrumb":{"@id":"https://explora.crea.gov.co/festival-de-cortos-2021/cordillera-cuerpo/#breadcrumb"},"inLanguage":"es","potentialAction":[{"@type":"ReadAction","target":["https://explora.crea.gov.co/festival-de-cortos-2021/cordillera-cuerpo/"]}]},{"@type":"BreadcrumbList","@id":"https://explora.crea.gov.co/festival-de-cortos-2021/cordillera-cuerpo/#breadcrumb","itemListElement":[{"@type":"ListItem","position":1,"name":"Portada","item":"https://explora.crea.gov.co/festival-de-cortos-2021/"},{"@type":"ListItem","position":2,"name":"Cordillera Cuerpo"}]},{"@type":"WebSite","@id":"https://explora.crea.gov.co/festival-de-cortos-2021/#website","url":"https://explora.crea.gov.co/festival-de-cortos-2021/","name":"Festival de Cortos","description":"Micrositio Explora","potentialAction":[{"@type":"SearchAction","target":{"@type":"EntryPoint","urlTemplate":"https://explora.crea.gov.co/festival-de-cortos-2021/?s={search_term_string}"},"query-input":"required name=search_term_string"}],"inLanguage":"es"}]}</script>
<!-- / Yoast SEO plugin. -->

Concebir el cuerpo como único, irrepetible e inmutable es comprender los alcances de este en el hecho de sentir, transmitir y ejecutar desde la emoción y el sentir. Comprender que “El cuerpo no es sólo un ente biológico. Es semiótico. Es un sistema de signos y significados. Es un lenguaje en sí mismo”. Tanto en [&hellip;]
