{"version":"1.0","provider_name":"Festival de Cortos","provider_url":"https:\/\/explora.crea.gov.co\/festival-de-cortos-2021","author_name":"webmaster","author_url":"https:\/\/explora.crea.gov.co\/festival-de-cortos-2021\/author\/webmaster\/","title":"Super Sebas - Festival de Cortos","type":"rich","width":600,"height":338,"html":"<blockquote class=\"wp-embedded-content\" data-secret=\"rkHWYD8NRt\"><a href=\"https:\/\/explora.crea.gov.co\/festival-de-cortos-2021\/super-sebas\/\">Super Sebas<\/a><\/blockquote><iframe sandbox=\"allow-scripts\" security=\"restricted\" src=\"https:\/\/explora.crea.gov.co\/festival-de-cortos-2021\/super-sebas\/embed\/#?secret=rkHWYD8NRt\" width=\"600\" height=\"338\" title=\"\u00abSuper Sebas\u00bb \u2014 Festival de Cortos\" data-secret=\"rkHWYD8NRt\" frameborder=\"0\" marginwidth=\"0\" marginheight=\"0\" scrolling=\"no\" class=\"wp-embedded-content\"><\/iframe><script type=\"text\/javascript\">\n\/* <![CDATA[ *\/\n\/*! This file is auto-generated *\/\n!function(d,l){\"use strict\";l.querySelector&&d.addEventListener&&\"undefined\"!=typeof URL&&(d.wp=d.wp||{},d.wp.receiveEmbedMessage||(d.wp.receiveEmbedMessage=function(e){var t=e.data;if((t||t.secret||t.message||t.value)&&!\/[^a-zA-Z0-9]\/.test(t.secret)){for(var s,r,n,a=l.querySelectorAll('iframe[data-secret=\"'+t.secret+'\"]'),o=l.querySelectorAll('blockquote[data-secret=\"'+t.secret+'\"]'),c=new RegExp(\"^https?:$\",\"i\"),i=0;i<o.length;i++)o[i].style.display=\"none\";for(i=0;i<a.length;i++)s=a[i],e.source===s.contentWindow&&(s.removeAttribute(\"style\"),\"height\"===t.message?(1e3<(r=parseInt(t.value,10))?r=1e3:~~r<200&&(r=200),s.height=r):\"link\"===t.message&&(r=new URL(s.getAttribute(\"src\")),n=new URL(t.value),c.test(n.protocol))&&n.host===r.host&&l.activeElement===s&&(d.top.location.href=t.value))}},d.addEventListener(\"message\",d.wp.receiveEmbedMessage,!1),l.addEventListener(\"DOMContentLoaded\",function(){for(var e,t,s=l.querySelectorAll(\"iframe.wp-embedded-content\"),r=0;r<s.length;r++)(t=(e=s[r]).getAttribute(\"data-secret\"))||(t=Math.random().toString(36).substring(2,12),e.src+=\"#?secret=\"+t,e.setAttribute(\"data-secret\",t)),e.contentWindow.postMessage({message:\"ready\",secret:t},\"*\")},!1)))}(window,document);\n\/* ]]> *\/\n<\/script>\n","thumbnail_url":"https:\/\/explora.crea.gov.co\/festival-de-cortos-2021\/wp-content\/uploads\/sites\/2\/2021\/10\/Super-Sebas.jpeg","thumbnail_width":1280,"thumbnail_height":720,"description":"El h\u00e9roe de esta historia es Sebasti\u00e1n Fuentes, un joven capitalino, habitante del barrio la Herradura, ubicado en la localidad cuarta, en el sur oriente de Bogot\u00e1, egresado del Colegio los Alpes IED en el a\u00f1o 2017, en el cual se caracteriz\u00f3 por su inteligencia, carisma, sentido cr\u00edtico y liderazgo, que lo llevaron, tras algunas [&hellip;]"}

El héroe de esta historia es Sebastián Fuentes, un joven capitalino, habitante del barrio la Herradura, ubicado en la localidad cuarta, en el sur oriente de Bogotá, egresado del Colegio los Alpes IED en el año 2017, en el cual se caracterizó por su inteligencia, carisma, sentido crítico y liderazgo, que lo llevaron, tras algunas [&hellip;]
