{"id":3726,"date":"2020-05-29T14:49:18","date_gmt":"2020-05-29T19:49:18","guid":{"rendered":"http:\/\/localhost\/crea_site\/?page_id=3726"},"modified":"2020-05-29T14:49:18","modified_gmt":"2020-05-29T19:49:18","slug":"ecosistemas","status":"publish","type":"page","link":"https:\/\/explora.crea.gov.co\/festival-de-cortos-2020\/ecosistemas\/","title":{"rendered":"Carta de Navegaci\u00f3n"},"content":{"rendered":"\n<p>Hola querido artista y viajero de nuestros Universos Diversos. Esta es una gu\u00eda que te ayudar\u00e1 a llegar a nuevas ideas para crear y te dar\u00e1 algunos consejos para desarrollar los<strong> <\/strong>proyectos audiovisuales de tu colectivo.<br><\/p>\n\n\n\n<p>Aqu\u00ed encontrar\u00e1s:<br><\/p>\n\n\n\n<p>1)Detonantes para la creaci\u00f3n audiovisual: Preguntas e ideas para inspirarte a crear partiendo de cada uno de nuestros mundos.&nbsp;<br><\/p>\n\n\n\n<p>2) Manifiesto para la creaci\u00f3n en tiempos de aislamiento: Sugerencias para la creaci\u00f3n que te ayudar\u00e1n a encontrar soluciones recursivas y oportunidades para crear en el contexto actual.&nbsp;<br><\/p>\n\n\n\n<p>\u00a1Bienvenido!<br><\/p>\n    \t    \t ","protected":false},"excerpt":{"rendered":"<p>Hola querido artista y viajero de nuestros Universos Diversos. Esta es una gu\u00eda que te ayudar\u00e1 a llegar a nuevas ideas para crear y te dar\u00e1 algunos consejos para desarrollar los proyectos audiovisuales de tu colectivo. Aqu\u00ed encontrar\u00e1s: 1)Detonantes para la creaci\u00f3n audiovisual: Preguntas e ideas para inspirarte a crear partiendo de cada uno de [&hellip;]<\/p>\n","protected":false},"author":1,"featured_media":0,"parent":0,"menu_order":0,"comment_status":"closed","ping_status":"closed","template":"","meta":{"footnotes":""},"yoast_head":"<!-- This site is optimized with the Yoast SEO plugin v22.1 - https:\/\/yoast.com\/wordpress\/plugins\/seo\/ -->\n<title>Carta de Navegaci\u00f3n - Festival de Cortos 2020<\/title>\n<meta name=\"robots\" content=\"index, follow, max-snippet:-1, max-image-preview:large, max-video-preview:-1\" \/>\n<link rel=\"canonical\" href=\"https:\/\/explora.crea.gov.co\/festival-de-cortos-2020\/ecosistemas\/\" \/>\n<meta property=\"og:locale\" content=\"es_ES\" \/>\n<meta property=\"og:type\" content=\"article\" \/>\n<meta property=\"og:title\" content=\"Carta de Navegaci\u00f3n - Festival de Cortos 2020\" \/>\n<meta property=\"og:description\" content=\"Hola querido artista y viajero de nuestros Universos Diversos. Esta es una gu\u00eda que te ayudar\u00e1 a llegar a nuevas ideas para crear y te dar\u00e1 algunos consejos para desarrollar los proyectos audiovisuales de tu colectivo. Aqu\u00ed encontrar\u00e1s: 1)Detonantes para la creaci\u00f3n audiovisual: Preguntas e ideas para inspirarte a crear partiendo de cada uno de [&hellip;]\" \/>\n<meta property=\"og:url\" content=\"https:\/\/explora.crea.gov.co\/festival-de-cortos-2020\/ecosistemas\/\" \/>\n<meta property=\"og:site_name\" content=\"Festival de Cortos 2020\" \/>\n<meta name=\"twitter:card\" content=\"summary_large_image\" \/>\n<script type=\"application\/ld+json\" class=\"yoast-schema-graph\">{\"@context\":\"https:\/\/schema.org\",\"@graph\":[{\"@type\":\"WebPage\",\"@id\":\"https:\/\/explora.crea.gov.co\/festival-de-cortos-2020\/ecosistemas\/\",\"url\":\"https:\/\/explora.crea.gov.co\/festival-de-cortos-2020\/ecosistemas\/\",\"name\":\"Carta de Navegaci\u00f3n - Festival de Cortos 2020\",\"isPartOf\":{\"@id\":\"https:\/\/explora.crea.gov.co\/festival-de-cortos-2020\/#website\"},\"datePublished\":\"2020-05-29T19:49:18+00:00\",\"dateModified\":\"2020-05-29T19:49:18+00:00\",\"breadcrumb\":{\"@id\":\"https:\/\/explora.crea.gov.co\/festival-de-cortos-2020\/ecosistemas\/#breadcrumb\"},\"inLanguage\":\"es\",\"potentialAction\":[{\"@type\":\"ReadAction\",\"target\":[\"https:\/\/explora.crea.gov.co\/festival-de-cortos-2020\/ecosistemas\/\"]}]},{\"@type\":\"BreadcrumbList\",\"@id\":\"https:\/\/explora.crea.gov.co\/festival-de-cortos-2020\/ecosistemas\/#breadcrumb\",\"itemListElement\":[{\"@type\":\"ListItem\",\"position\":1,\"name\":\"Portada\",\"item\":\"https:\/\/explora.crea.gov.co\/festival-de-cortos-2020\/\"},{\"@type\":\"ListItem\",\"position\":2,\"name\":\"Carta de Navegaci\u00f3n\"}]},{\"@type\":\"WebSite\",\"@id\":\"https:\/\/explora.crea.gov.co\/festival-de-cortos-2020\/#website\",\"url\":\"https:\/\/explora.crea.gov.co\/festival-de-cortos-2020\/\",\"name\":\"Festival de Cortos 2020\",\"description\":\"Explora Crea Micrositios\",\"potentialAction\":[{\"@type\":\"SearchAction\",\"target\":{\"@type\":\"EntryPoint\",\"urlTemplate\":\"https:\/\/explora.crea.gov.co\/festival-de-cortos-2020\/?s={search_term_string}\"},\"query-input\":\"required name=search_term_string\"}],\"inLanguage\":\"es\"}]}<\/script>\n<!-- \/ Yoast SEO plugin. -->","yoast_head_json":{"title":"Carta de Navegaci\u00f3n - Festival de Cortos 2020","robots":{"index":"index","follow":"follow","max-snippet":"max-snippet:-1","max-image-preview":"max-image-preview:large","max-video-preview":"max-video-preview:-1"},"canonical":"https:\/\/explora.crea.gov.co\/festival-de-cortos-2020\/ecosistemas\/","og_locale":"es_ES","og_type":"article","og_title":"Carta de Navegaci\u00f3n - Festival de Cortos 2020","og_description":"Hola querido artista y viajero de nuestros Universos Diversos. Esta es una gu\u00eda que te ayudar\u00e1 a llegar a nuevas ideas para crear y te dar\u00e1 algunos consejos para desarrollar los proyectos audiovisuales de tu colectivo. Aqu\u00ed encontrar\u00e1s: 1)Detonantes para la creaci\u00f3n audiovisual: Preguntas e ideas para inspirarte a crear partiendo de cada uno de [&hellip;]","og_url":"https:\/\/explora.crea.gov.co\/festival-de-cortos-2020\/ecosistemas\/","og_site_name":"Festival de Cortos 2020","twitter_card":"summary_large_image","schema":{"@context":"https:\/\/schema.org","@graph":[{"@type":"WebPage","@id":"https:\/\/explora.crea.gov.co\/festival-de-cortos-2020\/ecosistemas\/","url":"https:\/\/explora.crea.gov.co\/festival-de-cortos-2020\/ecosistemas\/","name":"Carta de Navegaci\u00f3n - Festival de Cortos 2020","isPartOf":{"@id":"https:\/\/explora.crea.gov.co\/festival-de-cortos-2020\/#website"},"datePublished":"2020-05-29T19:49:18+00:00","dateModified":"2020-05-29T19:49:18+00:00","breadcrumb":{"@id":"https:\/\/explora.crea.gov.co\/festival-de-cortos-2020\/ecosistemas\/#breadcrumb"},"inLanguage":"es","potentialAction":[{"@type":"ReadAction","target":["https:\/\/explora.crea.gov.co\/festival-de-cortos-2020\/ecosistemas\/"]}]},{"@type":"BreadcrumbList","@id":"https:\/\/explora.crea.gov.co\/festival-de-cortos-2020\/ecosistemas\/#breadcrumb","itemListElement":[{"@type":"ListItem","position":1,"name":"Portada","item":"https:\/\/explora.crea.gov.co\/festival-de-cortos-2020\/"},{"@type":"ListItem","position":2,"name":"Carta de Navegaci\u00f3n"}]},{"@type":"WebSite","@id":"https:\/\/explora.crea.gov.co\/festival-de-cortos-2020\/#website","url":"https:\/\/explora.crea.gov.co\/festival-de-cortos-2020\/","name":"Festival de Cortos 2020","description":"Explora Crea Micrositios","potentialAction":[{"@type":"SearchAction","target":{"@type":"EntryPoint","urlTemplate":"https:\/\/explora.crea.gov.co\/festival-de-cortos-2020\/?s={search_term_string}"},"query-input":"required name=search_term_string"}],"inLanguage":"es"}]}},"_links":{"self":[{"href":"https:\/\/explora.crea.gov.co\/festival-de-cortos-2020\/wp-json\/wp\/v2\/pages\/3726"}],"collection":[{"href":"https:\/\/explora.crea.gov.co\/festival-de-cortos-2020\/wp-json\/wp\/v2\/pages"}],"about":[{"href":"https:\/\/explora.crea.gov.co\/festival-de-cortos-2020\/wp-json\/wp\/v2\/types\/page"}],"author":[{"embeddable":true,"href":"https:\/\/explora.crea.gov.co\/festival-de-cortos-2020\/wp-json\/wp\/v2\/users\/1"}],"replies":[{"embeddable":true,"href":"https:\/\/explora.crea.gov.co\/festival-de-cortos-2020\/wp-json\/wp\/v2\/comments?post=3726"}],"version-history":[{"count":0,"href":"https:\/\/explora.crea.gov.co\/festival-de-cortos-2020\/wp-json\/wp\/v2\/pages\/3726\/revisions"}],"wp:attachment":[{"href":"https:\/\/explora.crea.gov.co\/festival-de-cortos-2020\/wp-json\/wp\/v2\/media?parent=3726"}],"curies":[{"name":"wp","href":"https:\/\/api.w.org\/{rel}","templated":true}]}}

Carta de Navegación

<p>Hola querido artista y viajero de nuestros Universos Diversos. Esta es una guía que te ayudará a llegar a nuevas ideas para crear y te dará algunos consejos para desarrollar los<strong> </strong>proyectos audiovisuales de tu colectivo.<br></p>



<p>Aquí encontrarás:<br></p>



<p>1)Detonantes para la creación audiovisual: Preguntas e ideas para inspirarte a crear partiendo de cada uno de nuestros mundos.&nbsp;<br></p>



<p>2) Manifiesto para la creación en tiempos de aislamiento: Sugerencias para la creación que te ayudarán a encontrar soluciones recursivas y oportunidades para crear en el contexto actual.&nbsp;<br></p>



<p>¡Bienvenido!<br></p>

<p>Hola querido artista y viajero de nuestros Universos Diversos. Esta es una guía que te ayudará a llegar a nuevas ideas para crear y te dará algunos consejos para desarrollar los proyectos audiovisuales de tu colectivo. Aquí encontrarás: 1)Detonantes para la creación audiovisual: Preguntas e ideas para inspirarte a crear partiendo de cada uno de [&hellip;]</p>

<!-- This site is optimized with the Yoast SEO plugin v22.1 - https://yoast.com/wordpress/plugins/seo/ -->
<title>Carta de Navegación - Festival de Cortos 2020</title>
<meta name="robots" content="index, follow, max-snippet:-1, max-image-preview:large, max-video-preview:-1" />
<link rel="canonical" href="https://explora.crea.gov.co/festival-de-cortos-2020/ecosistemas/" />
<meta property="og:locale" content="es_ES" />
<meta property="og:type" content="article" />
<meta property="og:title" content="Carta de Navegación - Festival de Cortos 2020" />
<meta property="og:description" content="Hola querido artista y viajero de nuestros Universos Diversos. Esta es una guía que te ayudará a llegar a nuevas ideas para crear y te dará algunos consejos para desarrollar los proyectos audiovisuales de tu colectivo. Aquí encontrarás: 1)Detonantes para la creación audiovisual: Preguntas e ideas para inspirarte a crear partiendo de cada uno de [&hellip;]" />
<meta property="og:url" content="https://explora.crea.gov.co/festival-de-cortos-2020/ecosistemas/" />
<meta property="og:site_name" content="Festival de Cortos 2020" />
<meta name="twitter:card" content="summary_large_image" />
<script type="application/ld+json" class="yoast-schema-graph">{"@context":"https://schema.org","@graph":[{"@type":"WebPage","@id":"https://explora.crea.gov.co/festival-de-cortos-2020/ecosistemas/","url":"https://explora.crea.gov.co/festival-de-cortos-2020/ecosistemas/","name":"Carta de Navegación - Festival de Cortos 2020","isPartOf":{"@id":"https://explora.crea.gov.co/festival-de-cortos-2020/#website"},"datePublished":"2020-05-29T19:49:18+00:00","dateModified":"2020-05-29T19:49:18+00:00","breadcrumb":{"@id":"https://explora.crea.gov.co/festival-de-cortos-2020/ecosistemas/#breadcrumb"},"inLanguage":"es","potentialAction":[{"@type":"ReadAction","target":["https://explora.crea.gov.co/festival-de-cortos-2020/ecosistemas/"]}]},{"@type":"BreadcrumbList","@id":"https://explora.crea.gov.co/festival-de-cortos-2020/ecosistemas/#breadcrumb","itemListElement":[{"@type":"ListItem","position":1,"name":"Portada","item":"https://explora.crea.gov.co/festival-de-cortos-2020/"},{"@type":"ListItem","position":2,"name":"Carta de Navegación"}]},{"@type":"WebSite","@id":"https://explora.crea.gov.co/festival-de-cortos-2020/#website","url":"https://explora.crea.gov.co/festival-de-cortos-2020/","name":"Festival de Cortos 2020","description":"Explora Crea Micrositios","potentialAction":[{"@type":"SearchAction","target":{"@type":"EntryPoint","urlTemplate":"https://explora.crea.gov.co/festival-de-cortos-2020/?s={search_term_string}"},"query-input":"required name=search_term_string"}],"inLanguage":"es"}]}</script>
<!-- / Yoast SEO plugin. -->

Carta de Navegación - Festival de Cortos 2020

Hola querido artista y viajero de nuestros Universos Diversos. Esta es una guía que te ayudará a llegar a nuevas ideas para crear y te dará algunos consejos para desarrollar los proyectos audiovisuales de tu colectivo. Aquí encontrarás: 1)Detonantes para la creación audiovisual: Preguntas e ideas para inspirarte a crear partiendo de cada uno de [&hellip;]
