{"id":3696,"date":"2020-05-29T02:39:42","date_gmt":"2020-05-29T07:39:42","guid":{"rendered":"http:\/\/localhost\/crea_site\/?page_id=3696"},"modified":"2020-05-29T02:39:42","modified_gmt":"2020-05-29T07:39:42","slug":"mundo-familiar","status":"publish","type":"page","link":"https:\/\/explora.crea.gov.co\/festival-de-cortos-2020\/mundo-familiar\/","title":{"rendered":"Mundo Familiar"},"content":{"rendered":"\n<p>Aborda<strong> <\/strong>reflexiones sobre la familia a trav\u00e9s de la documentaci\u00f3n de diversos sentires y&nbsp; la exploraci\u00f3n de las relaciones interpersonales que se tejen en los espacios cotidianos.&nbsp;<\/p>\n\n\n\n<p>La construcci\u00f3n de estos relatos primarios es una mirada al cine de los comienzos, rememorando la cinematograf\u00eda y la magia de los hermanos Lumi\u00e8re.<br><\/p>\n    \t    \t ","protected":false},"excerpt":{"rendered":"<p>Aborda reflexiones sobre la familia a trav\u00e9s de la documentaci\u00f3n de diversos sentires y&nbsp; la exploraci\u00f3n de las relaciones interpersonales que se tejen en los espacios cotidianos.&nbsp; La construcci\u00f3n de estos relatos primarios es una mirada al cine de los comienzos, rememorando la cinematograf\u00eda y la magia de los hermanos Lumi\u00e8re.<\/p>\n","protected":false},"author":1,"featured_media":4003,"parent":0,"menu_order":0,"comment_status":"closed","ping_status":"closed","template":"","meta":{"footnotes":""},"yoast_head":"<!-- This site is optimized with the Yoast SEO plugin v22.1 - https:\/\/yoast.com\/wordpress\/plugins\/seo\/ -->\n<title>Mundo Familiar - Festival de Cortos 2020<\/title>\n<meta name=\"robots\" content=\"index, follow, max-snippet:-1, max-image-preview:large, max-video-preview:-1\" \/>\n<link rel=\"canonical\" href=\"https:\/\/explora.crea.gov.co\/festival-de-cortos-2020\/mundo-familiar\/\" \/>\n<meta property=\"og:locale\" content=\"es_ES\" \/>\n<meta property=\"og:type\" content=\"article\" \/>\n<meta property=\"og:title\" content=\"Mundo Familiar - Festival de Cortos 2020\" \/>\n<meta property=\"og:description\" content=\"Aborda reflexiones sobre la familia a trav\u00e9s de la documentaci\u00f3n de diversos sentires y&nbsp; la exploraci\u00f3n de las relaciones interpersonales que se tejen en los espacios cotidianos.&nbsp; La construcci\u00f3n de estos relatos primarios es una mirada al cine de los comienzos, rememorando la cinematograf\u00eda y la magia de los hermanos Lumi\u00e8re.\" \/>\n<meta property=\"og:url\" content=\"https:\/\/explora.crea.gov.co\/festival-de-cortos-2020\/mundo-familiar\/\" \/>\n<meta property=\"og:site_name\" content=\"Festival de Cortos 2020\" \/>\n<meta name=\"twitter:card\" content=\"summary_large_image\" \/>\n<script type=\"application\/ld+json\" class=\"yoast-schema-graph\">{\"@context\":\"https:\/\/schema.org\",\"@graph\":[{\"@type\":\"WebPage\",\"@id\":\"https:\/\/explora.crea.gov.co\/festival-de-cortos-2020\/mundo-familiar\/\",\"url\":\"https:\/\/explora.crea.gov.co\/festival-de-cortos-2020\/mundo-familiar\/\",\"name\":\"Mundo Familiar - Festival de Cortos 2020\",\"isPartOf\":{\"@id\":\"https:\/\/explora.crea.gov.co\/festival-de-cortos-2020\/#website\"},\"datePublished\":\"2020-05-29T07:39:42+00:00\",\"dateModified\":\"2020-05-29T07:39:42+00:00\",\"breadcrumb\":{\"@id\":\"https:\/\/explora.crea.gov.co\/festival-de-cortos-2020\/mundo-familiar\/#breadcrumb\"},\"inLanguage\":\"es\",\"potentialAction\":[{\"@type\":\"ReadAction\",\"target\":[\"https:\/\/explora.crea.gov.co\/festival-de-cortos-2020\/mundo-familiar\/\"]}]},{\"@type\":\"BreadcrumbList\",\"@id\":\"https:\/\/explora.crea.gov.co\/festival-de-cortos-2020\/mundo-familiar\/#breadcrumb\",\"itemListElement\":[{\"@type\":\"ListItem\",\"position\":1,\"name\":\"Portada\",\"item\":\"https:\/\/explora.crea.gov.co\/festival-de-cortos-2020\/\"},{\"@type\":\"ListItem\",\"position\":2,\"name\":\"Mundo Familiar\"}]},{\"@type\":\"WebSite\",\"@id\":\"https:\/\/explora.crea.gov.co\/festival-de-cortos-2020\/#website\",\"url\":\"https:\/\/explora.crea.gov.co\/festival-de-cortos-2020\/\",\"name\":\"Festival de Cortos 2020\",\"description\":\"Explora Crea Micrositios\",\"potentialAction\":[{\"@type\":\"SearchAction\",\"target\":{\"@type\":\"EntryPoint\",\"urlTemplate\":\"https:\/\/explora.crea.gov.co\/festival-de-cortos-2020\/?s={search_term_string}\"},\"query-input\":\"required name=search_term_string\"}],\"inLanguage\":\"es\"}]}<\/script>\n<!-- \/ Yoast SEO plugin. -->","yoast_head_json":{"title":"Mundo Familiar - Festival de Cortos 2020","robots":{"index":"index","follow":"follow","max-snippet":"max-snippet:-1","max-image-preview":"max-image-preview:large","max-video-preview":"max-video-preview:-1"},"canonical":"https:\/\/explora.crea.gov.co\/festival-de-cortos-2020\/mundo-familiar\/","og_locale":"es_ES","og_type":"article","og_title":"Mundo Familiar - Festival de Cortos 2020","og_description":"Aborda reflexiones sobre la familia a trav\u00e9s de la documentaci\u00f3n de diversos sentires y&nbsp; la exploraci\u00f3n de las relaciones interpersonales que se tejen en los espacios cotidianos.&nbsp; La construcci\u00f3n de estos relatos primarios es una mirada al cine de los comienzos, rememorando la cinematograf\u00eda y la magia de los hermanos Lumi\u00e8re.","og_url":"https:\/\/explora.crea.gov.co\/festival-de-cortos-2020\/mundo-familiar\/","og_site_name":"Festival de Cortos 2020","twitter_card":"summary_large_image","schema":{"@context":"https:\/\/schema.org","@graph":[{"@type":"WebPage","@id":"https:\/\/explora.crea.gov.co\/festival-de-cortos-2020\/mundo-familiar\/","url":"https:\/\/explora.crea.gov.co\/festival-de-cortos-2020\/mundo-familiar\/","name":"Mundo Familiar - Festival de Cortos 2020","isPartOf":{"@id":"https:\/\/explora.crea.gov.co\/festival-de-cortos-2020\/#website"},"datePublished":"2020-05-29T07:39:42+00:00","dateModified":"2020-05-29T07:39:42+00:00","breadcrumb":{"@id":"https:\/\/explora.crea.gov.co\/festival-de-cortos-2020\/mundo-familiar\/#breadcrumb"},"inLanguage":"es","potentialAction":[{"@type":"ReadAction","target":["https:\/\/explora.crea.gov.co\/festival-de-cortos-2020\/mundo-familiar\/"]}]},{"@type":"BreadcrumbList","@id":"https:\/\/explora.crea.gov.co\/festival-de-cortos-2020\/mundo-familiar\/#breadcrumb","itemListElement":[{"@type":"ListItem","position":1,"name":"Portada","item":"https:\/\/explora.crea.gov.co\/festival-de-cortos-2020\/"},{"@type":"ListItem","position":2,"name":"Mundo Familiar"}]},{"@type":"WebSite","@id":"https:\/\/explora.crea.gov.co\/festival-de-cortos-2020\/#website","url":"https:\/\/explora.crea.gov.co\/festival-de-cortos-2020\/","name":"Festival de Cortos 2020","description":"Explora Crea Micrositios","potentialAction":[{"@type":"SearchAction","target":{"@type":"EntryPoint","urlTemplate":"https:\/\/explora.crea.gov.co\/festival-de-cortos-2020\/?s={search_term_string}"},"query-input":"required name=search_term_string"}],"inLanguage":"es"}]}},"_links":{"self":[{"href":"https:\/\/explora.crea.gov.co\/festival-de-cortos-2020\/wp-json\/wp\/v2\/pages\/3696"}],"collection":[{"href":"https:\/\/explora.crea.gov.co\/festival-de-cortos-2020\/wp-json\/wp\/v2\/pages"}],"about":[{"href":"https:\/\/explora.crea.gov.co\/festival-de-cortos-2020\/wp-json\/wp\/v2\/types\/page"}],"author":[{"embeddable":true,"href":"https:\/\/explora.crea.gov.co\/festival-de-cortos-2020\/wp-json\/wp\/v2\/users\/1"}],"replies":[{"embeddable":true,"href":"https:\/\/explora.crea.gov.co\/festival-de-cortos-2020\/wp-json\/wp\/v2\/comments?post=3696"}],"version-history":[{"count":0,"href":"https:\/\/explora.crea.gov.co\/festival-de-cortos-2020\/wp-json\/wp\/v2\/pages\/3696\/revisions"}],"wp:featuredmedia":[{"embeddable":true,"href":"https:\/\/explora.crea.gov.co\/festival-de-cortos-2020\/wp-json\/"}],"wp:attachment":[{"href":"https:\/\/explora.crea.gov.co\/festival-de-cortos-2020\/wp-json\/wp\/v2\/media?parent=3696"}],"curies":[{"name":"wp","href":"https:\/\/api.w.org\/{rel}","templated":true}]}}

<p>Aborda<strong> </strong>reflexiones sobre la familia a través de la documentación de diversos sentires y&nbsp; la exploración de las relaciones interpersonales que se tejen en los espacios cotidianos.&nbsp;</p>



<p>La construcción de estos relatos primarios es una mirada al cine de los comienzos, rememorando la cinematografía y la magia de los hermanos Lumière.<br></p>

<p>Aborda reflexiones sobre la familia a través de la documentación de diversos sentires y&nbsp; la exploración de las relaciones interpersonales que se tejen en los espacios cotidianos.&nbsp; La construcción de estos relatos primarios es una mirada al cine de los comienzos, rememorando la cinematografía y la magia de los hermanos Lumière.</p>

<!-- This site is optimized with the Yoast SEO plugin v22.1 - https://yoast.com/wordpress/plugins/seo/ -->
<title>Mundo Familiar - Festival de Cortos 2020</title>
<meta name="robots" content="index, follow, max-snippet:-1, max-image-preview:large, max-video-preview:-1" />
<link rel="canonical" href="https://explora.crea.gov.co/festival-de-cortos-2020/mundo-familiar/" />
<meta property="og:locale" content="es_ES" />
<meta property="og:type" content="article" />
<meta property="og:title" content="Mundo Familiar - Festival de Cortos 2020" />
<meta property="og:description" content="Aborda reflexiones sobre la familia a través de la documentación de diversos sentires y&nbsp; la exploración de las relaciones interpersonales que se tejen en los espacios cotidianos.&nbsp; La construcción de estos relatos primarios es una mirada al cine de los comienzos, rememorando la cinematografía y la magia de los hermanos Lumière." />
<meta property="og:url" content="https://explora.crea.gov.co/festival-de-cortos-2020/mundo-familiar/" />
<meta property="og:site_name" content="Festival de Cortos 2020" />
<meta name="twitter:card" content="summary_large_image" />
<script type="application/ld+json" class="yoast-schema-graph">{"@context":"https://schema.org","@graph":[{"@type":"WebPage","@id":"https://explora.crea.gov.co/festival-de-cortos-2020/mundo-familiar/","url":"https://explora.crea.gov.co/festival-de-cortos-2020/mundo-familiar/","name":"Mundo Familiar - Festival de Cortos 2020","isPartOf":{"@id":"https://explora.crea.gov.co/festival-de-cortos-2020/#website"},"datePublished":"2020-05-29T07:39:42+00:00","dateModified":"2020-05-29T07:39:42+00:00","breadcrumb":{"@id":"https://explora.crea.gov.co/festival-de-cortos-2020/mundo-familiar/#breadcrumb"},"inLanguage":"es","potentialAction":[{"@type":"ReadAction","target":["https://explora.crea.gov.co/festival-de-cortos-2020/mundo-familiar/"]}]},{"@type":"BreadcrumbList","@id":"https://explora.crea.gov.co/festival-de-cortos-2020/mundo-familiar/#breadcrumb","itemListElement":[{"@type":"ListItem","position":1,"name":"Portada","item":"https://explora.crea.gov.co/festival-de-cortos-2020/"},{"@type":"ListItem","position":2,"name":"Mundo Familiar"}]},{"@type":"WebSite","@id":"https://explora.crea.gov.co/festival-de-cortos-2020/#website","url":"https://explora.crea.gov.co/festival-de-cortos-2020/","name":"Festival de Cortos 2020","description":"Explora Crea Micrositios","potentialAction":[{"@type":"SearchAction","target":{"@type":"EntryPoint","urlTemplate":"https://explora.crea.gov.co/festival-de-cortos-2020/?s={search_term_string}"},"query-input":"required name=search_term_string"}],"inLanguage":"es"}]}</script>
<!-- / Yoast SEO plugin. -->

Aborda reflexiones sobre la familia a través de la documentación de diversos sentires y&nbsp; la exploración de las relaciones interpersonales que se tejen en los espacios cotidianos.&nbsp; La construcción de estos relatos primarios es una mirada al cine de los comienzos, rememorando la cinematografía y la magia de los hermanos Lumière.
