{"version":"1.0","provider_name":"Festival de Cortos 2020","provider_url":"https:\/\/explora.crea.gov.co\/festival-de-cortos-2020","author_name":"webmaster","author_url":"https:\/\/explora.crea.gov.co\/festival-de-cortos-2020\/author\/webmaster\/","title":"MASCARA - Festival de Cortos 2020","type":"rich","width":600,"height":338,"html":"<blockquote class=\"wp-embedded-content\" data-secret=\"MI1sDOFNtL\"><a href=\"https:\/\/explora.crea.gov.co\/festival-de-cortos-2020\/mascara\/\">MASCARA<\/a><\/blockquote><iframe sandbox=\"allow-scripts\" security=\"restricted\" src=\"https:\/\/explora.crea.gov.co\/festival-de-cortos-2020\/mascara\/embed\/#?secret=MI1sDOFNtL\" width=\"600\" height=\"338\" title=\"\u00abMASCARA\u00bb \u2014 Festival de Cortos 2020\" data-secret=\"MI1sDOFNtL\" frameborder=\"0\" marginwidth=\"0\" marginheight=\"0\" scrolling=\"no\" class=\"wp-embedded-content\"><\/iframe><script type=\"text\/javascript\">\n\/* <![CDATA[ *\/\n\/*! This file is auto-generated *\/\n!function(d,l){\"use strict\";l.querySelector&&d.addEventListener&&\"undefined\"!=typeof URL&&(d.wp=d.wp||{},d.wp.receiveEmbedMessage||(d.wp.receiveEmbedMessage=function(e){var t=e.data;if((t||t.secret||t.message||t.value)&&!\/[^a-zA-Z0-9]\/.test(t.secret)){for(var s,r,n,a=l.querySelectorAll('iframe[data-secret=\"'+t.secret+'\"]'),o=l.querySelectorAll('blockquote[data-secret=\"'+t.secret+'\"]'),c=new RegExp(\"^https?:$\",\"i\"),i=0;i<o.length;i++)o[i].style.display=\"none\";for(i=0;i<a.length;i++)s=a[i],e.source===s.contentWindow&&(s.removeAttribute(\"style\"),\"height\"===t.message?(1e3<(r=parseInt(t.value,10))?r=1e3:~~r<200&&(r=200),s.height=r):\"link\"===t.message&&(r=new URL(s.getAttribute(\"src\")),n=new URL(t.value),c.test(n.protocol))&&n.host===r.host&&l.activeElement===s&&(d.top.location.href=t.value))}},d.addEventListener(\"message\",d.wp.receiveEmbedMessage,!1),l.addEventListener(\"DOMContentLoaded\",function(){for(var e,t,s=l.querySelectorAll(\"iframe.wp-embedded-content\"),r=0;r<s.length;r++)(t=(e=s[r]).getAttribute(\"data-secret\"))||(t=Math.random().toString(36).substring(2,12),e.src+=\"#?secret=\"+t,e.setAttribute(\"data-secret\",t)),e.contentWindow.postMessage({message:\"ready\",secret:t},\"*\")},!1)))}(window,document);\n\/* ]]> *\/\n<\/script>\n","thumbnail_url":null,"thumbnail_width":null,"thumbnail_height":null,"description":"\u00abM\u00e1scara\u00bb es la adaptaci\u00f3n de una escena del cuento g\u00f3tico, \u00abLa m\u00e1scara de la Muerte Roja\u00bb de Edgar Allan Poe. Una historia que relata la cuarentena de un arist\u00f3crata en su c\u00f3moda abad\u00eda para evitar contagiarse de la pandemia que azota el territorio que regenta. Afuera hay muerte y dentro fiesta. En nuestra escena se [&hellip;]"}

«Máscara» es la adaptación de una escena del cuento gótico, «La máscara de la Muerte Roja» de Edgar Allan Poe. Una historia que relata la cuarentena de un aristócrata en su cómoda abadía para evitar contagiarse de la pandemia que azota el territorio que regenta. Afuera hay muerte y dentro fiesta. En nuestra escena se [&hellip;]
